False
Is 11042561 composite?
False
Is 16206793 composite?
False
Is 83905163 prime?
True
Is 46868161 a composite number?
False
Is 612443 a composite number?
True
Is 11005901 a prime number?
True
Is 136285531 prime?
True
Is 44207077 prime?
True
Is 4925909 prime?
False
Is 22445131 a composite number?
True
Is 1341751 a prime number?
False
Is 3934081 a composite number?
True
Is 259575509 a composite number?
True
Is 23899489 prime?
False
Is 976170029 composite?
False
Is 7286099 a composite number?
False
Is 1326123313 a composite number?
True
Is 722473 prime?
False
Is 9687281 a prime number?
True
Is 457801 prime?
False
Is 12626093 a prime number?
True
Is 146443046 a prime number?
False
Is 313410103 a composite number?
False
Is 19686497 prime?
True
Is 5530429 a composite number?
False
Is 22379689 a prime number?
True
Is 792551 prime?
True
Is 4616831 a prime number?
False
Is 6344701 prime?
False
Is 17364551 prime?
True
Is 177604127 prime?
False
Is 329080354 a prime number?
False
Is 1779961 prime?
True
Is 2125873 prime?
True
Is 101625683 composite?
False
Is 2933839 prime?
False
Is 3899681 a composite number?
True
Is 35638133 a composite number?
True
Is 13802603 composite?
True
Is 14417171 a composite number?
False
Is 12927281 composite?
False
Is 38760229 prime?
True
Is 246979619 a prime number?
False
Is 30681733 a prime number?
False
Is 1332559 prime?
False
Is 60449269 composite?
False
Is 23309245 a composite number?
True
Is 2333730797 a prime number?
True
Is 1934103 a composite number?
True
Is 395210789 a prime number?
True
Is 1102237 prime?
True
Is 77429 composite?
True
Is 276197 prime?
False
Is 42545359 prime?
False
Is 147236071 prime?
False
Is 9688145 a composite number?
True
Is 41451455 a composite number?
True
Is 2347261 a prime number?
False
Is 44819129 a composite number?
False
Is 141971221 a composite number?
True
Is 164869081 composite?
True
Is 2538421 a composite number?
False
Is 32855839 composite?
True
Is 1459331711 a composite number?
False
Is 241998095 composite?
True
Is 36331709 composite?
False
Is 54662066 composite?
True
Is 325301 prime?
True
Is 263037739 a prime number?
True
Is 305409983 composite?
False
Is 3961933 a composite number?
False
Is 52268231 composite?
False
Is 314954447 a prime number?
True
Is 4073947 a composite number?
True
Is 47327 prime?
False
Is 83841265 a prime number?
False
Is 3085921 prime?
True
Is 623629 composite?
True
Is 14064637 a composite number?
True
Is 2016631 composite?
True
Is 444109 a prime number?
True
Is 1178921 a composite number?
False
Is 66344203 prime?
False
Is 233317111 prime?
True
Is 6661447 composite?
True
Is 8573167 a prime number?
True
Is 157413811 prime?
True
Is 5908517 a prime number?
True
Is 5491939 composite?
False
Is 44502499 prime?
True
Is 25243189 a prime number?
True
Is 684637 prime?
True
Is 12228771 a composite number?
True
Is 344829931 composite?
True
Is 172146902 composite?
True
Is 7961333 a composite number?
False
Is 8367017 a composite number?
False
Is 4114307 prime?
True
Is 81529491 a composite number?
True
Is 103233941 prime?
False
Is 26777243 composite?
True
Is 26633227 a composite number?
False
Is 370551811 a composite number?
True
Is 91252477 prime?
False
Is 11212007 a composite number?
True
Is 4847819 prime?
True
Is 9353411 composite?
False
Is 7317241 a composite number?
True
Is 72591643 a composite number?
False
Is 27754585 composite?
True
Is 1502503 composite?
False
Is 13139213 composite?
False
Is 6485629 a prime number?
True
Is 56806109 prime?
True
Is 14446309 a composite number?
True
Is 78338653 a composite number?
True
Is 5365445 prime?
False
Is 9724151 prime?
True
Is 649021591 prime?
True
Is 1031549 a prime number?
True
Is 2216507 a composite number?
True
Is 146760037 prime?
False
Is 1441001 composite?
False
Is 489733 a composite number?
False
Is 4836541 prime?
False
Is 134581 a prime number?
True
Is 678949751 a prime number?
False
Is 34830979 a composite number?
True
Is 40878457 prime?
True
Is 73261 a composite number?
True
Is 7337635 a prime number?
False
Is 52580641 prime?
True
Is 992627027 a prime number?
False
Is 95540362 a composite number?
True
Is 50590441 a composite number?
True
Is 5332741 composite?
True
Is 13753637 a prime number?
True
Is 64456239 composite?
True
Is 8506153 prime?
True
Is 4946257 prime?
True
Is 211773605 a prime number?
False
Is 417773371 prime?
False
Is 1405493 a composite number?
False
Is 11732354 prime?
False
Is 172272731 a prime number?
False
Is 22533769 prime?
False
Is 48178849 a prime number?
False
Is 3303361 prime?
False
Is 77963027 prime?
True
Is 78850523 a composite number?
True
Is 20557553 composite?
True
Is 4213669 prime?
False
Is 2316833 a prime number?
False
Is 15579341 composite?
False
Is 3818623 a composite number?
True
Is 1947389 composite?
True
Is 1947487 prime?
True
Is 82336829 composite?
True
Is 73121 a composite number?
False
Is 1855911 composite?
True
Is 682181421 a composite number?
True
Is 944519 prime?
True
Is 15339599 prime?
False
Is 11898469 a prime number?
False
Is 117036839 prime?
True
Is 719294561 prime?
True
Is 51583927 a composite number?
False
Is 332398009 a composite number?
True
Is 978569 a prime number?
True
Is 6811171 composite?
True
Is 3203953 a prime number?
False
Is 17918851 a prime number?
True
Is 7578442 prime?
False
Is 2562317 a composite number?
False
Is 1591783 a prime number?
True
Is 101290711 composite?
True
Is 2052689 a prime number?
True
Is 567559027 a composite number?
True
Is 21856423 composite?
False
Is 15757733 a composite number?
False
Is 97871909 a prime number?
True
Is 23304041 prime?
True
Is 9011599 composite?
True
Is 177150409 a prime number?
True
Is 1912567 prime?
False
Is 397902167 composite?
True
Is 322345145 a prime number?
False
Is 447053 composite?
False
Is 2850553 a composite number?
True
Is 36200929 prime?
False
Is 3176893 a composite number?
True
Is 340667 a prime number?
False
Is 4587801 a prime number?
False
Is 223121 composite?
True
Is 2861711 a composite number?
False
Is 140719729 a composite number?
True
Is 70245863 a composite number?
False
Is 738331 composite?
True
Is 130171189 a composite number?
False
Is 4170259 composite?
True
Is 12359351 a prime number?
False
Is 56642171 a composite number?
False
Is 10493243 prime?
True
Is 14953801 a composite number?
False
Is 3962282 a composite number?
True
Is 165145213 composite?
True
Is 9998939 composite?
True
Is 323441 a composite number?
False
Is 5490517 a prime number?
True
Is 301261 a composite number?
True
Is 6023054 composite?
True
Is 450413 prime?
True
Is 38106083 a composite number?
False
Is 4349729 composite?
False
Is 106358957 a prime number?
True
Is 57963109 a composite number?
False
Is 694867 a composite number?
False
Is 225383 a prime number?
True
Is 7538341 prime?
True
Is 1289219 a prime number?
False
Is 4249439 a composite number?
True
Is 208271 prime?
False
Is 388333529 prime?
True
Is 137814917 prime?
False
Is 207637649 a prime number?
False
Is 1027423 composite?
True
Is 545853335 prime?
False
Is 5820989 a composite number?
True
Is 74505269 a prime number?
False
Is 10564601 prime?
True
Is 39948421 a composite number?
False
Is 1330309 prime?
True
Is 253795147 composite?
False
Is 98403001 prime?
True
Is 16501043 a prime number?
False
Is 133797641 composite?
True
Is 42431713 a composite number?
False
Is 936330433 composite?
False
Is 14104979 composite?
True
Is 391829 composite?
True
Is 91083219 prime?
False
Is 650449 composite?
False
Is 607488437 composite?
True
Is 15434483 a composite number?
True
Is 3955981 a composite number?
True
Is 20569382 a composite number?
True
Is 17852303 a composite number?
True
Is 4808005 composite?
True
Is 3561829 a composite number?
True
Is 168086467 composite?
False
Is 76321 prime?
False
Is 125044499 composite?
False
Is 16322063 a composite number?
True
Is 59017611 a composite number?
True
Is 196952573 a prime number?
False
Is 1592639 prime?
True
Is 10737313 a prime number?
True
Is 59678339 composite?
True
Is 176629 a composite number?
False
Is 3938107 composite?
False
Is 12316063 a prime number?
False
Is 73828669 a prime number?
True
Is 478110163 a composite number?
True
Is 34615753 a prime number?
True
Is 126026573 a composite number?
False
Is 225001991 composite?
False
Is 1268